{"id":112,"date":"2014-01-08T21:03:21","date_gmt":"2014-01-08T19:03:21","guid":{"rendered":"http:\/\/www.turbine-dresden.de\/?page_id=112"},"modified":"2026-04-19T19:03:40","modified_gmt":"2026-04-19T17:03:40","slug":"2-senioren","status":"publish","type":"page","link":"https:\/\/www.turbine-dresden.de\/?page_id=112","title":{"rendered":"2. Senioren"},"content":{"rendered":"<p><strong>Mannschaft:<\/strong><\/p>\n<p>J\u00fcrgen Damm (Mannschaftsleiter), Nico Ro\u00dfmann, Thomas Kretschmar, Bernd Arlt, Dietmar H\u00e4nig, Gerd Kohl, Siegfried K\u00f6hler, Rudolf Marquart, Frank Teichmann<\/p>\n<hr \/>\n<p><strong>Trainingszeit:<\/strong><\/p>\n<p>Mittwochs, 9.00 &#8211; 13:00 Uhr<\/p>\n<hr \/>\n<p><strong>Spieljahr 2025\/2026<\/strong><\/p>\n<p>Spielklasse: Stadtliga Senioren<\/p>\n<p><img loading=\"lazy\" decoding=\"async\" class=\"alignnone wp-image-11288\" src=\"https:\/\/www.turbine-dresden.de\/wp-content\/uploads\/2020\/09\/kegeln_kl.png\" alt=\"\" width=\"150\" height=\"143\" \/> <a href=\"https:\/\/www.kegeln-in-dresden.de\/index.php\/stadtliga-senioren\">\u00a0 aktuelle Ergebnisse<\/a><\/p>\n<p>&nbsp;<\/p>\n<p>&nbsp;<\/p>\n<p>&nbsp;<\/p>\n<p>&nbsp;<\/p>\n","protected":false},"excerpt":{"rendered":"<p>Mannschaft: J\u00fcrgen Damm (Mannschaftsleiter), Nico Ro\u00dfmann, Thomas Kretschmar, Bernd Arlt, Dietmar H\u00e4nig, Gerd Kohl, Siegfried K\u00f6hler, Rudolf Marquart, Frank Teichmann Trainingszeit: Mittwochs, 9.00 &#8211; 13:00 Uhr Spieljahr 2025\/2026 Spielklasse: Stadtliga Senioren \u00a0 aktuelle Ergebnisse &nbsp; &nbsp; &nbsp; &nbsp;<\/p>\n","protected":false},"author":1,"featured_media":0,"parent":317,"menu_order":9,"comment_status":"closed","ping_status":"closed","template":"","meta":{"footnotes":""},"class_list":["post-112","page","type-page","status-publish","hentry"],"_links":{"self":[{"href":"https:\/\/www.turbine-dresden.de\/index.php?rest_route=\/wp\/v2\/pages\/112","targetHints":{"allow":["GET"]}}],"collection":[{"href":"https:\/\/www.turbine-dresden.de\/index.php?rest_route=\/wp\/v2\/pages"}],"about":[{"href":"https:\/\/www.turbine-dresden.de\/index.php?rest_route=\/wp\/v2\/types\/page"}],"author":[{"embeddable":true,"href":"https:\/\/www.turbine-dresden.de\/index.php?rest_route=\/wp\/v2\/users\/1"}],"replies":[{"embeddable":true,"href":"https:\/\/www.turbine-dresden.de\/index.php?rest_route=%2Fwp%2Fv2%2Fcomments&post=112"}],"version-history":[{"count":31,"href":"https:\/\/www.turbine-dresden.de\/index.php?rest_route=\/wp\/v2\/pages\/112\/revisions"}],"predecessor-version":[{"id":11866,"href":"https:\/\/www.turbine-dresden.de\/index.php?rest_route=\/wp\/v2\/pages\/112\/revisions\/11866"}],"up":[{"embeddable":true,"href":"https:\/\/www.turbine-dresden.de\/index.php?rest_route=\/wp\/v2\/pages\/317"}],"wp:attachment":[{"href":"https:\/\/www.turbine-dresden.de\/index.php?rest_route=%2Fwp%2Fv2%2Fmedia&parent=112"}],"curies":[{"name":"wp","href":"https:\/\/api.w.org\/{rel}","templated":true}]}}