{"id":656,"date":"2014-03-31T22:07:34","date_gmt":"2014-03-31T20:07:34","guid":{"rendered":"http:\/\/www.turbine-dresden.de\/?page_id=656"},"modified":"2024-01-28T17:02:45","modified_gmt":"2024-01-28T15:02:45","slug":"news-2","status":"publish","type":"page","link":"https:\/\/www.turbine-dresden.de\/?page_id=656","title":{"rendered":"Abteilung Kegeln"},"content":{"rendered":"<p>&nbsp;<\/p>\n<div class=\"su-note\"  style=\"border-color:#db9f8d;border-radius:18px;-moz-border-radius:18px;-webkit-border-radius:18px;\"><div class=\"su-note-inner su-u-clearfix su-u-trim\" style=\"background-color:#f5b9a7;border-color:#ffffff;color:#333333;border-radius:18px;-moz-border-radius:18px;-webkit-border-radius:18px;\">Wir, die Damen- und die Herrenmannschaft von SSV Turbine Dresden, suchen dringend Unterst\u00fctzung! Wir sind zwei aufgeschlossene und fr\u00f6hliche Truppen und freuen uns \u00fcber neue Leute in unseren Mannschaften. Unsere Kegelbahn befindet sich in Dresden auf der Gasanstaltstra\u00dfe, ideal mit den \u00f6ffentlichen Verkehrsmitteln zu erreichen. Bei Interesse melde dich gern, da bekommst du n\u00e4here Infos \ud83d\ude42 An den Trainingstagen Mittwoch- und Donnerstagabend erreichst Du auch einen Vertreter der Abteilungsleitung. <\/div><\/div>\n<div class=\"su-heading su-heading-style-default su-heading-align-center\" id=\"\" style=\"font-size:13px;margin-bottom:20px\"><div class=\"su-heading-inner\">Unsere Wettkampfmannschaften<\/div><\/div>\n<div class=\"su-row\"><div class=\"su-column su-column-size-1-3\"><div class=\"su-column-inner su-u-clearfix su-u-trim\"><ul id=\"menu-kegeln_mannschaften\" class=\"menu\"><li id=\"menu-item-8696\" class=\"menu-item menu-item-type-post_type menu-item-object-page menu-item-8696\"><a href=\"https:\/\/www.turbine-dresden.de\/?page_id=142\">1. Frauen<\/a><\/li>\n<li id=\"menu-item-8697\" class=\"menu-item menu-item-type-post_type menu-item-object-page menu-item-8697\"><a href=\"https:\/\/www.turbine-dresden.de\/?page_id=95\">1. M\u00e4nner<\/a><\/li>\n<li id=\"menu-item-8693\" class=\"menu-item menu-item-type-post_type menu-item-object-page menu-item-8693\"><a href=\"https:\/\/www.turbine-dresden.de\/?page_id=109\">1. Senioren<\/a><\/li>\n<li id=\"menu-item-8694\" class=\"menu-item menu-item-type-post_type menu-item-object-page menu-item-8694\"><a href=\"https:\/\/www.turbine-dresden.de\/?page_id=112\">2. Senioren<\/a><\/li>\n<\/ul><\/div><\/div> <div class=\"su-column su-column-size-2-3\"><div class=\"su-column-inner su-u-clearfix su-u-trim\"><a href=\"http:\/\/www.turbine-dresden.de\/wp-content\/uploads\/2019\/11\/IMG-20191122-WA0006.jpg\"><img loading=\"lazy\" decoding=\"async\" class=\"alignnone wp-image-8793\" src=\"http:\/\/www.turbine-dresden.de\/wp-content\/uploads\/2019\/11\/IMG-20191122-WA0006-300x146.jpg\" alt=\"\" width=\"438\" height=\"213\" srcset=\"https:\/\/www.turbine-dresden.de\/wp-content\/uploads\/2019\/11\/IMG-20191122-WA0006-300x146.jpg 300w, https:\/\/www.turbine-dresden.de\/wp-content\/uploads\/2019\/11\/IMG-20191122-WA0006-500x243.jpg 500w, https:\/\/www.turbine-dresden.de\/wp-content\/uploads\/2019\/11\/IMG-20191122-WA0006.jpg 600w\" sizes=\"auto, (max-width: 438px) 100vw, 438px\" \/><\/a><\/div><\/div><\/div>\n<p>&nbsp;<\/p>\n<h3><a href=\"http:\/\/www.turbine-dresden.de\/?page_id=7591\"><div class=\"su-heading su-heading-style-default su-heading-align-center\" id=\"\" style=\"font-size:13px;margin-bottom:20px\"><div class=\"su-heading-inner\">Wichtiges \u00fcber unsere Abteilung<\/div><\/div><\/a><\/h3>\n<div class=\"su-heading su-heading-style-default su-heading-align-center\" id=\"\" style=\"font-size:13px;margin-bottom:20px\"><div class=\"su-heading-inner\">Neues aus der Abteilung Kegeln<\/div><\/div>\n\n\n<div class=\"su-posts su-posts-default-loop \">\n\n\t\n\t\t\t\t\t\n\t\t\t\n\t\t\t<div id=\"su-post-11847\" class=\"su-post \">\n\n\t\t\t\t\n\t\t\t\t<h2 class=\"su-post-title\"><a href=\"https:\/\/www.turbine-dresden.de\/?p=11847\">Erfolgreiche Stadteinzelmeisterschaft 2026<\/a><\/h2>\n\n\t\t\t\t<div class=\"su-post-meta\">\n\t\t\t\t\tVer\u00f6ffentlicht: 2. Februar 2026\t\t\t\t<\/div>\n\n\t\t\t\t<div class=\"su-post-excerpt\">\n\t\t\t\t\t<p>Von unserer Abteilung sind dieses Jahr insgesamt 8 Spielerinnen und Spieler in den verschiedenen Altersgruppen an den Start gegangen. Am Ende k\u00f6nnen wir eine sehr positive Bilanz ziehen. In den Altersgruppen Seniorinnen A durch Jacqueline G\u00f6bel, bei den M\u00e4nnern Henry Ludwig, bei den Senioren A Klaus Damm und bei den Senioren C durch Conrad Brade,&hellip;<\/p>\n\t\t\t\t<\/div>\n\n\t\t\t\t\n\t\t\t<\/div>\n\n\t\t\t\t\t\n\t\t\t\n\t\t\t<div id=\"su-post-11823\" class=\"su-post \">\n\n\t\t\t\t\n\t\t\t\t<h2 class=\"su-post-title\"><a href=\"https:\/\/www.turbine-dresden.de\/?p=11823\">Erster Wettkampf in der 1.Verbandsliga<\/a><\/h2>\n\n\t\t\t\t<div class=\"su-post-meta\">\n\t\t\t\t\tVer\u00f6ffentlicht: 23. September 2025\t\t\t\t<\/div>\n\n\t\t\t\t<div class=\"su-post-excerpt\">\n\t\t\t\t\t<p>Am 21.September hatte die Damenmannschaft ihr erstes Spiel nach dem Aufstieg in die 1. Verbandsliga. Wir traten mit viel Enthusiasmus an, waren aber leider nicht erfolgreich. Der CSV Siegmar 48 war klar die bessere Mannschaft. Herzlichen Gl\u00fcckwunsch!<\/p>\n\t\t\t\t<\/div>\n\n\t\t\t\t\n\t\t\t<\/div>\n\n\t\t\t\t\t\n\t\t\t\n\t\t\t<div id=\"su-post-11800\" class=\"su-post \">\n\n\t\t\t\t\n\t\t\t\t<h2 class=\"su-post-title\"><a href=\"https:\/\/www.turbine-dresden.de\/?p=11800\">Fr\u00fchjahrsputz 2025<\/a><\/h2>\n\n\t\t\t\t<div class=\"su-post-meta\">\n\t\t\t\t\tVer\u00f6ffentlicht: 3. Mai 2025\t\t\t\t<\/div>\n\n\t\t\t\t<div class=\"su-post-excerpt\">\n\t\t\t\t\t<p>Nach Abschluss der Bauma\u00dfnahmen griffen am 26. April 2025 zahlreiche Keglerinnen und Kegler zu Reinigungsmaterial, um die Kegelbahn und den Clubraum auf Hochglanz zu bringen. Mit viel Engagement und Teamgeist wurde abgestaubt, ausgeklopft, B\u00f6den gereinigt\u00a0 und Baustaub in Kabinen und Sanit\u00e4rbereichen entfernt. Dank des tatkr\u00e4ftigen Einsatzes aller Beteiligten erstrahlen die R\u00e4umlichkeiten nun wieder in neuem&hellip;<\/p>\n\t\t\t\t<\/div>\n\n\t\t\t\t\n\t\t\t<\/div>\n\n\t\t\n\t\n<\/div>\n\n<p>&nbsp;<\/p>\n","protected":false},"excerpt":{"rendered":"<p>&nbsp; &nbsp; &nbsp;<\/p>\n","protected":false},"author":6,"featured_media":0,"parent":27,"menu_order":0,"comment_status":"closed","ping_status":"closed","template":"","meta":{"footnotes":""},"class_list":["post-656","page","type-page","status-publish","hentry"],"_links":{"self":[{"href":"https:\/\/www.turbine-dresden.de\/index.php?rest_route=\/wp\/v2\/pages\/656","targetHints":{"allow":["GET"]}}],"collection":[{"href":"https:\/\/www.turbine-dresden.de\/index.php?rest_route=\/wp\/v2\/pages"}],"about":[{"href":"https:\/\/www.turbine-dresden.de\/index.php?rest_route=\/wp\/v2\/types\/page"}],"author":[{"embeddable":true,"href":"https:\/\/www.turbine-dresden.de\/index.php?rest_route=\/wp\/v2\/users\/6"}],"replies":[{"embeddable":true,"href":"https:\/\/www.turbine-dresden.de\/index.php?rest_route=%2Fwp%2Fv2%2Fcomments&post=656"}],"version-history":[{"count":204,"href":"https:\/\/www.turbine-dresden.de\/index.php?rest_route=\/wp\/v2\/pages\/656\/revisions"}],"predecessor-version":[{"id":11735,"href":"https:\/\/www.turbine-dresden.de\/index.php?rest_route=\/wp\/v2\/pages\/656\/revisions\/11735"}],"up":[{"embeddable":true,"href":"https:\/\/www.turbine-dresden.de\/index.php?rest_route=\/wp\/v2\/pages\/27"}],"wp:attachment":[{"href":"https:\/\/www.turbine-dresden.de\/index.php?rest_route=%2Fwp%2Fv2%2Fmedia&parent=656"}],"curies":[{"name":"wp","href":"https:\/\/api.w.org\/{rel}","templated":true}]}}